{"id":1641,"date":"2023-08-22T10:40:18","date_gmt":"2023-08-22T14:40:18","guid":{"rendered":"https:\/\/setec.ufmt.br\/eventos\/semiedu\/?page_id=1641"},"modified":"2025-11-22T10:43:14","modified_gmt":"2025-11-22T14:43:14","slug":"inscricoes","status":"publish","type":"page","link":"https:\/\/setec.ufmt.br\/eventos\/semiedu2025\/inscricoes\/","title":{"rendered":"P\u00c1GINA DE INSCRI\u00c7\u00c3O"},"content":{"rendered":"<div class=\"members-access-error\">Inscri\u00e7\u00f5es encerradas<\/div>\n","protected":false},"excerpt":{"rendered":"<div class=\"members-access-error\">Inscri\u00e7\u00f5es encerradas<\/div>\n","protected":false},"author":1076,"featured_media":0,"parent":0,"menu_order":0,"comment_status":"closed","ping_status":"closed","template":"","meta":{"footnotes":""},"class_list":["post-1641","page","type-page","status-publish","hentry"],"_links":{"self":[{"href":"https:\/\/setec.ufmt.br\/eventos\/semiedu2025\/wp-json\/wp\/v2\/pages\/1641"}],"collection":[{"href":"https:\/\/setec.ufmt.br\/eventos\/semiedu2025\/wp-json\/wp\/v2\/pages"}],"about":[{"href":"https:\/\/setec.ufmt.br\/eventos\/semiedu2025\/wp-json\/wp\/v2\/types\/page"}],"author":[{"embeddable":true,"href":"https:\/\/setec.ufmt.br\/eventos\/semiedu2025\/wp-json\/wp\/v2\/users\/1076"}],"replies":[{"embeddable":true,"href":"https:\/\/setec.ufmt.br\/eventos\/semiedu2025\/wp-json\/wp\/v2\/comments?post=1641"}],"version-history":[{"count":257,"href":"https:\/\/setec.ufmt.br\/eventos\/semiedu2025\/wp-json\/wp\/v2\/pages\/1641\/revisions"}],"predecessor-version":[{"id":5665,"href":"https:\/\/setec.ufmt.br\/eventos\/semiedu2025\/wp-json\/wp\/v2\/pages\/1641\/revisions\/5665"}],"wp:attachment":[{"href":"https:\/\/setec.ufmt.br\/eventos\/semiedu2025\/wp-json\/wp\/v2\/media?parent=1641"}],"curies":[{"name":"wp","href":"https:\/\/api.w.org\/{rel}","templated":true}]}}

PÁGINA DE INSCRIÇÃO

<div class="members-access-error">Inscrições encerradas</div>
