{"id":974,"date":"2023-08-07T08:18:04","date_gmt":"2023-08-07T12:18:04","guid":{"rendered":"https:\/\/setec.ufmt.br\/eventos\/semiedu\/?page_id=974"},"modified":"2023-10-05T10:36:03","modified_gmt":"2023-10-05T14:36:03","slug":"normas-gerais-para-a-inscricao-com-apresentacao-de-trabalho","status":"publish","type":"page","link":"https:\/\/setec.ufmt.br\/eventos\/semiedu2023\/normas-gerais-para-a-inscricao-com-apresentacao-de-trabalho\/","title":{"rendered":"NORMAS GERAIS PARA A INSCRI\u00c7\u00c3O COM APRESENTA\u00c7\u00c3O DE TRABALHO"},"content":{"rendered":"\t\t<div data-elementor-type=\"wp-page\" data-elementor-id=\"974\" class=\"elementor elementor-974\" data-elementor-post-type=\"page\">\n\t\t\t\t\t\t\t<div class=\"elementor-element elementor-element-3d3ca1c e-flex e-con-boxed e-con e-parent\" data-id=\"3d3ca1c\" data-element_type=\"container\" data-settings=\"{&quot;content_width&quot;:&quot;boxed&quot;}\" data-core-v316-plus=\"true\">\n\t\t\t\t\t<div class=\"e-con-inner\">\n\t\t\t\t<div class=\"elementor-element elementor-element-d88436d elementor-widget elementor-widget-text-editor\" data-id=\"d88436d\" data-element_type=\"widget\" data-widget_type=\"text-editor.default\">\n\t\t\t\t<div class=\"elementor-widget-container\">\n\t\t\t<style>\/*! elementor - v3.16.0 - 17-10-2023 *\/\n.elementor-widget-text-editor.elementor-drop-cap-view-stacked .elementor-drop-cap{background-color:#69727d;color:#fff}.elementor-widget-text-editor.elementor-drop-cap-view-framed .elementor-drop-cap{color:#69727d;border:3px solid;background-color:transparent}.elementor-widget-text-editor:not(.elementor-drop-cap-view-default) .elementor-drop-cap{margin-top:8px}.elementor-widget-text-editor:not(.elementor-drop-cap-view-default) .elementor-drop-cap-letter{width:1em;height:1em}.elementor-widget-text-editor .elementor-drop-cap{float:left;text-align:center;line-height:1;font-size:50px}.elementor-widget-text-editor .elementor-drop-cap-letter{display:inline-block}<\/style>\t\t\t\t<p>Nesta edi\u00e7\u00e3o do evento ser\u00e3o aceitos trabalhos organizados a partir das Normas T\u00e9cnicas a seguir: <strong>NBR 6022\/2003<\/strong> e <strong>NBR 10520\/2023<\/strong>.<\/p><p>Os trabalhos que contiverem identifica\u00e7\u00e3o de autores (as) nas informa\u00e7\u00f5es do arquivo ou no texto, <strong>ser\u00e3o rejeitados por quebra de anonimato<\/strong>.<\/p><p>Os trabalhos ser\u00e3o avaliados em duas etapas. Na primeira, o trabalho ser\u00e1 avaliado quanto ao formato, nessa fase ser\u00e3o analisados os seguintes aspectos: 1. arquivo no template do evento e 2. arquivo adequado \u00e0 modalidade inscrita (poster, artigo, relato de experi\u00eancia e oficina); 3. arquivo em acordo com as normas do evento. Na segunda, em rela\u00e7\u00e3o ao conte\u00fado, pertin\u00eancia\/relev\u00e2ncia do trabalho e qualidade de apresenta\u00e7\u00e3o da discuss\u00e3o proposta.<\/p><p>O material aceito ser\u00e1 utilizado para publica\u00e7\u00e3o nos anais do evento, posteriormente. Para composi\u00e7\u00e3o dos anais poder\u00e1 ser solicitada a corre\u00e7\u00e3o\/revis\u00e3o lingu\u00edstica do texto por parte dos (as) autores (as).<\/p><p>Para a modalidade artigo, caso os resultados de pesquisa sejam advindos de investiga\u00e7\u00e3o com participantes, em nota de rodap\u00e9, solicita-se n\u00famero de aprova\u00e7\u00e3o do projeto pelo Comit\u00ea de \u00e9tica em pesquisa.<\/p><p><strong>Os trabalhos submetidos devem obedecer \u00e0s seguintes normas gerais:<\/strong><\/p><p>1. Estar inserido em um dos GTs indicados;<br \/>2. <strong>Ter no m\u00e1ximo 4 autores, desde que um dos autores seja o (a) orientador (a);<\/strong><br \/>3. Apresentar qualidade de texto e de ideias;<br \/>4. Possuir base te\u00f3rica explicitada;<br \/>5. Significar contribui\u00e7\u00e3o te\u00f3rica \u2013 epistemol\u00f3gica ou metodol\u00f3gica \u2013 ou pr\u00e1tica para um dos campos representados pelos GTs;<br \/>6. Para pesquisa em est\u00e1gio inicial, a apresenta\u00e7\u00e3o dever\u00e1 ser realizada na modalidade p\u00f4ster.<\/p><p>Aten\u00e7\u00e3o: cada autor(a) poder\u00e1 <strong>submeter<\/strong> apenas 1 trabalho <strong>e a coautoria \u00e9 permitida para at\u00e9 3 trabalhos. Cada participante poder\u00e1 submeter no m\u00e1ximo tr\u00eas trabalhos, sem limites de quantidade de trabalhos para o (a) orientador (a).<\/strong><\/p><p><br \/>Em caso de trabalhos com mais de um (a) autor (a), deve-se observar as seguintes regras:<br \/>\u2022 Apenas um (a) deles (as) ser\u00e1 o autor\/a respons\u00e1vel pelo registro ou atualiza\u00e7\u00e3odos metadados do trabalho (t\u00edtulo, resumo e palavras-chave) e tamb\u00e9m pelo envio do trabalho completo;<br \/>\u2022 O (a) pr\u00f3prio (a) autor (a) indicar\u00e1 quem s\u00e3o os (as) coautores (as) do trabalho, na aba de submiss\u00e3o;<br \/>\u2022 N\u00e3o ser\u00e1 permitida a inser\u00e7\u00e3o de coautores (as) ap\u00f3s o per\u00edodo de submiss\u00e3o dos trabalhos;<br \/>\u2022 Todos dever\u00e3o pagar a taxa de inscri\u00e7\u00e3o (valor conforme a categoria de cada autor);<br \/>\u2022 O n\u00e3o pagamento da taxa de inscri\u00e7\u00e3o pelo (a) autor (a) ou coautores (as) implica na impossibilidade de participa\u00e7\u00e3o no evento;<br \/>\u2022 N\u00e3o haver\u00e1 devolu\u00e7\u00e3o de taxa em qualquer hip\u00f3tese.<\/p><p><strong>Os trabalhos em formato de p\u00f4ster somente ser\u00e3o aceitos se:<\/strong><\/p><p>1. Contiverem um resumo no m\u00ednimo 100 (cem) e no m\u00e1ximo 200 (duzentas) palavras e com no m\u00ednimo 03 (tr\u00eas) e no m\u00e1ximo 05 (cinco) palavras-chave;<br \/>2. Apresentarem em sua estrutura quatro conte\u00fados b\u00e1sicos: introdu\u00e7\u00e3o, objetivos, procedimentos metodol\u00f3gicos e, principais resultados\/conclus\u00f5es;<br \/>3. Contiverem, entre 1.000 e 1.500 palavras, incluindo elementos pr\u00e9-textuais, textuais e p\u00f3s-textuais.<\/p><p><strong>Aten\u00e7\u00e3o<\/strong>: os (as) participantes devem utilizar o template desse formato de trabalho para submiss\u00e3o de proposta e para apresenta\u00e7\u00e3o no evento.<\/p><p><strong>Os trabalhos em fomato de artigo completo somente ser\u00e3o aceitos se:<\/strong><\/p><p>1. Contiverem um resumo no m\u00ednimo 100 (cem) e no m\u00e1ximo 200 (duzentas) palavras e com no m\u00ednimo 03 (tr\u00eas) e no m\u00e1ximo 05 (cinco) palavras-chave;<br \/>2. Apresentarem em sua estrutura quatro conte\u00fados b\u00e1sicos: introdu\u00e7\u00e3o, objetivos,procedimentos metodol\u00f3gicos e, principais resultados\/conclus\u00f5es;<br \/>3. Contiverem, entre 3.000 e 4.000 palavras, incluindo elementos pr\u00e9-textuais, textuais e p\u00f3s-textuais.<\/p><p><strong>Aten\u00e7\u00e3o<\/strong>: os (as) participantes devem utilizar o template desse formato de trabalho para submiss\u00e3o de proposta e para apresenta\u00e7\u00e3o no evento.<\/p><p><strong>Os trabalhos em formato de relatos de experi\u00eancia somente ser\u00e3o aceitos se:<\/strong><\/p><p>1. Contiverem um resumo no m\u00ednimo 100 (cem) e no m\u00e1ximo 200 (duzentas) palavras e com no m\u00ednimo 03 (tr\u00eas) e no m\u00e1ximo 05 (cinco) palavras-chave.<br \/>2. Apresentarem em sua estrutura quatro conte\u00fados b\u00e1sicos: introdu\u00e7\u00e3o, objetivos,procedimentos metodol\u00f3gicos e, principais resultados\/conclus\u00f5es;<br \/>3. Contiverem, entre 1.700 e 3.000 palavras, incluindo elementos pr\u00e9-textuais, textuais e p\u00f3s-textuais.<\/p><p><strong>Aten\u00e7\u00e3o<\/strong>: os (as) participantes devem utilizar o template desse formato de trabalho para submiss\u00e3o de proposta e para apresenta\u00e7\u00e3o no evento.<\/p><p><br \/><strong>As propostas de oficinas somente ser\u00e3o aceitas se:<\/strong><\/p><p>1. Apresentarem uma proposta te\u00f3rico-pr\u00e1tica de uma tem\u00e1tica (vinculada a um dos GT\u2019s) abrangendo os seguintes itens: identifica\u00e7\u00e3o do trabalho como OFICINA e o GT respectivo; t\u00edtulo; justificativa; objetivos; metodologia e recursos did\u00e1ticos e refer\u00eancias a ser utilizada, contendo;<br \/>2. Contiverem, at\u00e9 1.000 palavras, inclu\u00eddas as notas, refer\u00eancias, os quadros e tabelas, se for o caso.<\/p><p><strong>Aten\u00e7\u00e3o<\/strong>: os (as) participantes devem utilizar o template desse formato de trabalho para submiss\u00e3o de proposta e para apresenta\u00e7\u00e3o no evento.<\/p><p>Os trabalhos somente ser\u00e3o avaliados se:<\/p><p>\u2022 O arquivo for enviado atrav\u00e9s do sistema de upload do site (ap\u00f3s login e senha, na p\u00e1gina de inscri\u00e7\u00e3o) at\u00e9 a <strong>data limite<\/strong> especificada pela Coordena\u00e7\u00e3o deste Semin\u00e1rio;<br \/>\u2022 Atenderem as especifica\u00e7\u00f5es contidas no Template de cada formato de trabalho;<br \/>\u2022 Utilizarem o formato de arquivo do Template;<br \/>\u2022 O arquivo do trabalho n\u00e3o exceder o <strong>limite de 6mb<\/strong>.<\/p>\t\t\t\t\t\t<\/div>\n\t\t\t\t<\/div>\n\t\t\t\t\t<\/div>\n\t\t\t\t<\/div>\n\t\t\t\t\t\t\t<\/div>\n\t\t","protected":false},"excerpt":{"rendered":"<p>Nesta edi\u00e7\u00e3o do evento ser\u00e3o aceitos trabalhos organizados a partir das Normas T\u00e9cnicas a seguir: NBR 6022\/2003 e NBR 10520\/2023. Os trabalhos que contiverem identifica\u00e7\u00e3o de autores (as) nas informa\u00e7\u00f5es do arquivo ou no texto, [&hellip;]<\/p>\n","protected":false},"author":1,"featured_media":0,"parent":0,"menu_order":0,"comment_status":"closed","ping_status":"closed","template":"","meta":{"footnotes":""},"yoast_head":"<!-- This site is optimized with the Yoast SEO plugin v21.4 - https:\/\/yoast.com\/wordpress\/plugins\/seo\/ -->\n<title>NORMAS GERAIS PARA A INSCRI\u00c7\u00c3O COM APRESENTA\u00c7\u00c3O DE TRABALHO - SemiEdu 2023<\/title>\n<meta name=\"robots\" content=\"index, follow, max-snippet:-1, max-image-preview:large, max-video-preview:-1\" \/>\n<link rel=\"canonical\" href=\"https:\/\/setec.ufmt.br\/eventos\/semiedu2023\/normas-gerais-para-a-inscricao-com-apresentacao-de-trabalho\/\" \/>\n<meta property=\"og:locale\" content=\"pt_BR\" \/>\n<meta property=\"og:type\" content=\"article\" \/>\n<meta property=\"og:title\" content=\"NORMAS GERAIS PARA A INSCRI\u00c7\u00c3O COM APRESENTA\u00c7\u00c3O DE TRABALHO - SemiEdu 2023\" \/>\n<meta property=\"og:description\" content=\"Nesta edi\u00e7\u00e3o do evento ser\u00e3o aceitos trabalhos organizados a partir das Normas T\u00e9cnicas a seguir: NBR 6022\/2003 e NBR 10520\/2023. Os trabalhos que contiverem identifica\u00e7\u00e3o de autores (as) nas informa\u00e7\u00f5es do arquivo ou no texto, [&hellip;]\" \/>\n<meta property=\"og:url\" content=\"https:\/\/setec.ufmt.br\/eventos\/semiedu2023\/normas-gerais-para-a-inscricao-com-apresentacao-de-trabalho\/\" \/>\n<meta property=\"og:site_name\" content=\"SemiEdu 2023\" \/>\n<meta property=\"article:publisher\" content=\"https:\/\/www.facebook.com\/people\/SemiEdu-Seminrio-de-Educao-PPGE\/100083258955178\/?mibextid=9R9pXO\" \/>\n<meta property=\"article:modified_time\" content=\"2023-10-05T14:36:03+00:00\" \/>\n<meta name=\"twitter:card\" content=\"summary_large_image\" \/>\n<meta name=\"twitter:label1\" content=\"Est. tempo de leitura\" \/>\n\t<meta name=\"twitter:data1\" content=\"5 minutos\" \/>\n<script type=\"application\/ld+json\" class=\"yoast-schema-graph\">{\"@context\":\"https:\/\/schema.org\",\"@graph\":[{\"@type\":\"WebPage\",\"@id\":\"https:\/\/setec.ufmt.br\/eventos\/semiedu2023\/normas-gerais-para-a-inscricao-com-apresentacao-de-trabalho\/\",\"url\":\"https:\/\/setec.ufmt.br\/eventos\/semiedu2023\/normas-gerais-para-a-inscricao-com-apresentacao-de-trabalho\/\",\"name\":\"NORMAS GERAIS PARA A INSCRI\u00c7\u00c3O COM APRESENTA\u00c7\u00c3O DE TRABALHO - SemiEdu 2023\",\"isPartOf\":{\"@id\":\"https:\/\/setec.ufmt.br\/eventos\/semiedu2023\/#website\"},\"datePublished\":\"2023-08-07T12:18:04+00:00\",\"dateModified\":\"2023-10-05T14:36:03+00:00\",\"breadcrumb\":{\"@id\":\"https:\/\/setec.ufmt.br\/eventos\/semiedu2023\/normas-gerais-para-a-inscricao-com-apresentacao-de-trabalho\/#breadcrumb\"},\"inLanguage\":\"pt-BR\",\"potentialAction\":[{\"@type\":\"ReadAction\",\"target\":[\"https:\/\/setec.ufmt.br\/eventos\/semiedu2023\/normas-gerais-para-a-inscricao-com-apresentacao-de-trabalho\/\"]}]},{\"@type\":\"BreadcrumbList\",\"@id\":\"https:\/\/setec.ufmt.br\/eventos\/semiedu2023\/normas-gerais-para-a-inscricao-com-apresentacao-de-trabalho\/#breadcrumb\",\"itemListElement\":[{\"@type\":\"ListItem\",\"position\":1,\"name\":\"In\u00edcio\",\"item\":\"https:\/\/setec.ufmt.br\/eventos\/semiedu2023\/\"},{\"@type\":\"ListItem\",\"position\":2,\"name\":\"NORMAS GERAIS PARA A INSCRI\u00c7\u00c3O COM APRESENTA\u00c7\u00c3O DE TRABALHO\"}]},{\"@type\":\"WebSite\",\"@id\":\"https:\/\/setec.ufmt.br\/eventos\/semiedu2023\/#website\",\"url\":\"https:\/\/setec.ufmt.br\/eventos\/semiedu2023\/\",\"name\":\"Semin\u00e1rio de Educa\u00e7\u00e3o 2023 - UFMT\",\"description\":\"Semin\u00e1rio de Educa\u00e7\u00e3o\",\"publisher\":{\"@id\":\"https:\/\/setec.ufmt.br\/eventos\/semiedu2023\/#organization\"},\"potentialAction\":[{\"@type\":\"SearchAction\",\"target\":{\"@type\":\"EntryPoint\",\"urlTemplate\":\"https:\/\/setec.ufmt.br\/eventos\/semiedu2023\/?s={search_term_string}\"},\"query-input\":\"required name=search_term_string\"}],\"inLanguage\":\"pt-BR\"},{\"@type\":\"Organization\",\"@id\":\"https:\/\/setec.ufmt.br\/eventos\/semiedu2023\/#organization\",\"name\":\"SemiEdu 2023\",\"url\":\"https:\/\/setec.ufmt.br\/eventos\/semiedu2023\/\",\"logo\":{\"@type\":\"ImageObject\",\"inLanguage\":\"pt-BR\",\"@id\":\"https:\/\/setec.ufmt.br\/eventos\/semiedu2023\/#\/schema\/logo\/image\/\",\"url\":\"https:\/\/setec.ufmt.br\/eventos\/semiedu2023\/wp-content\/uploads\/2023\/07\/SemiEdu2023_vs-01-apv_RGB_logo-transparente.png\",\"contentUrl\":\"https:\/\/setec.ufmt.br\/eventos\/semiedu2023\/wp-content\/uploads\/2023\/07\/SemiEdu2023_vs-01-apv_RGB_logo-transparente.png\",\"width\":1920,\"height\":1080,\"caption\":\"SemiEdu 2023\"},\"image\":{\"@id\":\"https:\/\/setec.ufmt.br\/eventos\/semiedu2023\/#\/schema\/logo\/image\/\"},\"sameAs\":[\"https:\/\/www.facebook.com\/people\/SemiEdu-Seminrio-de-Educao-PPGE\/100083258955178\/?mibextid=9R9pXO\",\"https:\/\/www.instagram.com\/semieduppge\/\"]}]}<\/script>\n<!-- \/ Yoast SEO plugin. -->","yoast_head_json":{"title":"NORMAS GERAIS PARA A INSCRI\u00c7\u00c3O COM APRESENTA\u00c7\u00c3O DE TRABALHO - SemiEdu 2023","robots":{"index":"index","follow":"follow","max-snippet":"max-snippet:-1","max-image-preview":"max-image-preview:large","max-video-preview":"max-video-preview:-1"},"canonical":"https:\/\/setec.ufmt.br\/eventos\/semiedu2023\/normas-gerais-para-a-inscricao-com-apresentacao-de-trabalho\/","og_locale":"pt_BR","og_type":"article","og_title":"NORMAS GERAIS PARA A INSCRI\u00c7\u00c3O COM APRESENTA\u00c7\u00c3O DE TRABALHO - SemiEdu 2023","og_description":"Nesta edi\u00e7\u00e3o do evento ser\u00e3o aceitos trabalhos organizados a partir das Normas T\u00e9cnicas a seguir: NBR 6022\/2003 e NBR 10520\/2023. Os trabalhos que contiverem identifica\u00e7\u00e3o de autores (as) nas informa\u00e7\u00f5es do arquivo ou no texto, [&hellip;]","og_url":"https:\/\/setec.ufmt.br\/eventos\/semiedu2023\/normas-gerais-para-a-inscricao-com-apresentacao-de-trabalho\/","og_site_name":"SemiEdu 2023","article_publisher":"https:\/\/www.facebook.com\/people\/SemiEdu-Seminrio-de-Educao-PPGE\/100083258955178\/?mibextid=9R9pXO","article_modified_time":"2023-10-05T14:36:03+00:00","twitter_card":"summary_large_image","twitter_misc":{"Est. tempo de leitura":"5 minutos"},"schema":{"@context":"https:\/\/schema.org","@graph":[{"@type":"WebPage","@id":"https:\/\/setec.ufmt.br\/eventos\/semiedu2023\/normas-gerais-para-a-inscricao-com-apresentacao-de-trabalho\/","url":"https:\/\/setec.ufmt.br\/eventos\/semiedu2023\/normas-gerais-para-a-inscricao-com-apresentacao-de-trabalho\/","name":"NORMAS GERAIS PARA A INSCRI\u00c7\u00c3O COM APRESENTA\u00c7\u00c3O DE TRABALHO - SemiEdu 2023","isPartOf":{"@id":"https:\/\/setec.ufmt.br\/eventos\/semiedu2023\/#website"},"datePublished":"2023-08-07T12:18:04+00:00","dateModified":"2023-10-05T14:36:03+00:00","breadcrumb":{"@id":"https:\/\/setec.ufmt.br\/eventos\/semiedu2023\/normas-gerais-para-a-inscricao-com-apresentacao-de-trabalho\/#breadcrumb"},"inLanguage":"pt-BR","potentialAction":[{"@type":"ReadAction","target":["https:\/\/setec.ufmt.br\/eventos\/semiedu2023\/normas-gerais-para-a-inscricao-com-apresentacao-de-trabalho\/"]}]},{"@type":"BreadcrumbList","@id":"https:\/\/setec.ufmt.br\/eventos\/semiedu2023\/normas-gerais-para-a-inscricao-com-apresentacao-de-trabalho\/#breadcrumb","itemListElement":[{"@type":"ListItem","position":1,"name":"In\u00edcio","item":"https:\/\/setec.ufmt.br\/eventos\/semiedu2023\/"},{"@type":"ListItem","position":2,"name":"NORMAS GERAIS PARA A INSCRI\u00c7\u00c3O COM APRESENTA\u00c7\u00c3O DE TRABALHO"}]},{"@type":"WebSite","@id":"https:\/\/setec.ufmt.br\/eventos\/semiedu2023\/#website","url":"https:\/\/setec.ufmt.br\/eventos\/semiedu2023\/","name":"Semin\u00e1rio de Educa\u00e7\u00e3o 2023 - UFMT","description":"Semin\u00e1rio de Educa\u00e7\u00e3o","publisher":{"@id":"https:\/\/setec.ufmt.br\/eventos\/semiedu2023\/#organization"},"potentialAction":[{"@type":"SearchAction","target":{"@type":"EntryPoint","urlTemplate":"https:\/\/setec.ufmt.br\/eventos\/semiedu2023\/?s={search_term_string}"},"query-input":"required name=search_term_string"}],"inLanguage":"pt-BR"},{"@type":"Organization","@id":"https:\/\/setec.ufmt.br\/eventos\/semiedu2023\/#organization","name":"SemiEdu 2023","url":"https:\/\/setec.ufmt.br\/eventos\/semiedu2023\/","logo":{"@type":"ImageObject","inLanguage":"pt-BR","@id":"https:\/\/setec.ufmt.br\/eventos\/semiedu2023\/#\/schema\/logo\/image\/","url":"https:\/\/setec.ufmt.br\/eventos\/semiedu2023\/wp-content\/uploads\/2023\/07\/SemiEdu2023_vs-01-apv_RGB_logo-transparente.png","contentUrl":"https:\/\/setec.ufmt.br\/eventos\/semiedu2023\/wp-content\/uploads\/2023\/07\/SemiEdu2023_vs-01-apv_RGB_logo-transparente.png","width":1920,"height":1080,"caption":"SemiEdu 2023"},"image":{"@id":"https:\/\/setec.ufmt.br\/eventos\/semiedu2023\/#\/schema\/logo\/image\/"},"sameAs":["https:\/\/www.facebook.com\/people\/SemiEdu-Seminrio-de-Educao-PPGE\/100083258955178\/?mibextid=9R9pXO","https:\/\/www.instagram.com\/semieduppge\/"]}]}},"jetpack_sharing_enabled":true,"_links":{"self":[{"href":"https:\/\/setec.ufmt.br\/eventos\/semiedu2023\/wp-json\/wp\/v2\/pages\/974"}],"collection":[{"href":"https:\/\/setec.ufmt.br\/eventos\/semiedu2023\/wp-json\/wp\/v2\/pages"}],"about":[{"href":"https:\/\/setec.ufmt.br\/eventos\/semiedu2023\/wp-json\/wp\/v2\/types\/page"}],"author":[{"embeddable":true,"href":"https:\/\/setec.ufmt.br\/eventos\/semiedu2023\/wp-json\/wp\/v2\/users\/1"}],"replies":[{"embeddable":true,"href":"https:\/\/setec.ufmt.br\/eventos\/semiedu2023\/wp-json\/wp\/v2\/comments?post=974"}],"version-history":[{"count":28,"href":"https:\/\/setec.ufmt.br\/eventos\/semiedu2023\/wp-json\/wp\/v2\/pages\/974\/revisions"}],"predecessor-version":[{"id":2113,"href":"https:\/\/setec.ufmt.br\/eventos\/semiedu2023\/wp-json\/wp\/v2\/pages\/974\/revisions\/2113"}],"wp:attachment":[{"href":"https:\/\/setec.ufmt.br\/eventos\/semiedu2023\/wp-json\/wp\/v2\/media?parent=974"}],"curies":[{"name":"wp","href":"https:\/\/api.w.org\/{rel}","templated":true}]}}